Dati Stazione Meteo - Stile NOAA


Report per 2024 Giugno

Daily noaa report



                            MONTHLY CLIMATOLOGICAL SUMMARY for JUN. 2024

NAME: Meteo Taranto   CITY: Taranto STATE: Italia
ELEV: 22 LAT: 40:27:20 LONG: -17:15:00

                            TEMPERATURE ( °C), RAIN (mm), WIND SPEED (kmh)

                                               HEAT     COOL           AVG
      MEAN                                     DEG      DEG            WIND                       DOM
DAY   TEMP    HIGH   TIME     LOW    TIME      DAYS     DAYS    RAIN   SPEED    HIGH    TIME      DIR
--------------------------------------------------------------------------------------------------------
01    21.4    23.6   16:43    20.1   03:27     00.0     03.1    01.3   02.4     09.3    11:29     ESE
02    22.8    26.6   15:00    19.5   04:20     00.0     04.5    00.5   02.4     07.4    23:09     ESE
03    23.6    27.8   15:09    20.3   04:02     00.0     05.3    00.0   02.5     09.3    21:32     ENE
04    22.5    25.6   14:52    19.4   05:25     00.0     04.2    00.0   02.6     07.4    06:19     WSW
05    23.4    27.6   16:36    19.7   04:16     00.0     05.1    00.3   02.4     16.6    14:49     WSW
06    26.1    31.4   14:53    20.9   06:40     00.0     07.8    00.0   02.6     12.9    21:43      NW
07    27.0    33.4   15:44    22.7   04:20     00.0     08.7    00.0   02.8     14.8    15:19      W 
08    26.8    32.1   16:12    22.3   05:22     00.0     08.5    00.0   02.3     09.3    14:02     WSW
09    27.2    32.2   14:13    23.2   02:41     00.0     08.9    00.0   02.2     12.9    15:36      SE
10    26.2    30.9   12:01    23.6   22:37     00.0     07.9    00.0   02.7     12.9    17:18     ESE
11    25.4    30.3   14:54    20.8   06:07     00.0     07.1    00.0   02.1     18.5    15:38     SSE
12    25.2    28.9   16:38    22.1   05:22     00.0     06.9    00.0   02.2     09.3    14:20      SE
--------------------------------------------------------------------------------------------------------
24.8 (25.2)   33.4  day 07     19.4  day 04   000.0    078.2   002.0   02.4     18.5   day 07      S 
Max >  30: 6
Min <   30: 12
Max Rain: 1.3 ON 1-06-24
Days of Rain: 3 (> .2mm) 0 (> 2mm) 0 (> 20mm)